e of h**5/20 - h**4/6 - 2*h**3/3 + 3*h**2/2 + 7*h. Give f(3).
0
Let i = -96 - -92. Let d(p) be the third derivative of -p**6/120 - p**5/12 - p**4/6 + p**3/3 - p**2. Give d(i).
2
Let w(b) = b - b**3 + 2*b**3 - 5*b**2 - 6 + 1. Let i be 2/(-2) - -7 - 1. Calculate w(i).
0
Let x(m) = -m - m - m**3 + 0*m**2 - 1 - 3*m**2. Let i = 73 - 75. What is x(i)?
-1
Let q(t) = t**2 - 1. Let x(c) be the first derivative of c**4/4 - 4*c**3/3 - 3*c**2/2 - 1. Let g(b) = -3*q(b) - x(b). Give g(3).
-6
Let w be (-70)/(-15) - (-2)/(-3). Let i(z) = -2*z**3 + 6*z**2 + 7*z + 6. Let n(d) = d**3 - 5*d**2 - 6*d - 5. Let f(m) = w*i(m) + 5*n(m). Determine f(-1).
3
Let i = 1 - 1. Let g(c) be the second derivative of c**4/6 + c**3/3 + 7*c**2/2 - 4*c. Let k(n) = 3*n**2 + 3*n + 7. Let r(s) = 4*g(s) - 3*k(s). What is r(i)?
7
Let m = -12 + 4. Let s(w) = w**3 + 7*w**2 - 8*w. Let q be s(m). Let o(r) = 5*r + 6*r**2 + 2*r**3 - r**3 + q*r - 6. Determine o(-5).
-6
Let z(s) be the first derivative of s**2 + 2*s - 5. What is z(2)?
6
Let q(l) = -l**3 - 3*l**2 + 4*l - 4. Suppose -p = 3*h + 2, -2*p + 4*h = -4*p + 2. Let c(n) = n**2 - 7*n - 4. Let g be c(p). Give q(g).
-4
Let i = -537 + 536. Let v(t) = 3*t**2 + 2*t**2 + 4*t - 3*t. Determine v(i).
4
Let l(c) = -c**3 + 5*c**2 + 5*c + 2. Let o = 22 + -16. Give l(o).
-4
Let q(r) = -r**2 + r + 1. Suppose -3*w - 9 = -0. Give q(w).
-11
Let u(g) = 2*g - 6. Let b(k) = -2*k + 5. Let c(l) = -4*b(l) - 3*u(l). Give c(4).
6
Let v(i) = -17*i. Let y(t) = -t**3 + t**2 + t + 4. Let s be y(0). Let d(k) = 6*k. Let o(u) = s*v(u) + 11*d(u). Determine o(2).
-4
Suppose -j + 5 = 3*z - 4, -20 = -5*z. Let p(g) = 11*g + 8. Let q(d) = 4*d + 3. Let y(w) = 6*p(w) - 17*q(w). Determine y(j).
3
Let r(y) = -y**2 + 10*y - 3. Let n be r(9). Let p(d) = -6 - 54*d + 55*d + 2. Give p(n).
2
Let n(y) be the first derivative of -y**2 - 1/3*y**3 + 1 + y. Calculate n(-3).
-2
Let x(l) = -10*l**3 - 2*l**2 + l. Let k(a) = -a + 3. Let v be k(2). Calculate x(v).
-11
Let g(s) = 5*s**2 - 2*s - 4. Let i(p) = -4*p**2 + 2*p + 4. Let u(t) = -3*g(t) - 4*i(t). Determine u(4).
4
Let y = -9 - -8. Let k(s) = -s - 1. Calculate k(y).
0
Let v(q) = -q**2 - 4*q. Let z be v(-4). Suppose z = -3*u - 0*u + 9. Let g(n) = -u*n + 12 - 12 - 3*n**2. Calculate g(-2).
-6
Suppose -3*j = -4*s + 43, -s + 7 = -2*j - 0*j. Let z = -12 - -20. Let r = s - z. Let k(i) = -i**2 + 5*i - 2. Give k(r).
-2
Let j(k) = k**2 - k + 1. Let c(m) = 8*m**2 - 5*m + 8. Let n(w) = c(w) - 6*j(w). What is n(-2)?
8
Let s(i) be the second derivative of i**5/20 - i**4 + 5*i**3/3 + 2*i**2 - 5*i. Calculate s(11).
-7
Let u be 96/36*6/(-4). Let r(i) = i**2 + 8*i. Calculate r(u).
-16
Let t(g) = g**2 - 2*g + 3. Let v be t(2). Let q(f) = 2 - f**v - 2*f**2 + 4*f + 5*f - 3*f - 4*f. Determine q(-2).
-2
Let h(f) = -f**3 + 4*f**2 - 3*f - 2. Suppose -j - j - 12 = 0. Let a = j + 9. Give h(a).
-2
Let n(s) be the first derivative of s**3/3 - s**2 + 3*s - 1. Let f = 22 - 20. What is n(f)?
3
Let y(t) = 2*t - 1. Let o(k) = k - 1. Let a(n) = -3*o(n) + y(n). Let b(c) = 2*c - 2. Let h be b(-3). Let s = 12 + h. Determine a(s).
-2
Let p(l) = l**2 + 6*l - 7. Let x(h) = h**3 - 21*h**2 + 21*h - 25. Let k be x(20). Give p(k).
-12
Let q(w) be the first derivative of w**3/3 + 5*w**2/2 + 1. Let b(i) = -2*i**3 + i**2 + i + 1. Let u be b(2). Let k = -13 - u. What is q(k)?
-4
Let j(p) = -p**2 + 3*p - 1. Suppose 6 = 3*c - 0. Suppose -h - 4 = -c*h. Determine j(h).
-5
Let f = -3 + 7. Let u = 8 - f. Suppose 5*j + 11 = 2*j - 4*x, 2*j - u = 3*x. Let i(s) = -s. What is i(j)?
1
Let h(t) be the second derivative of -t**6/360 + t**5/120 - t**4/4 - 6*t. Let v(l) be the third derivative of h(l). Give v(-2).
5
Suppose 20 = -5*c, i + 3*c - 18 = 7*c. Let h(q) = q**3 - q**2 - 3*q + 2. Determine h(i).
0
Let s(l) be the second derivative of -l**7/840 - l**6/120 - l**5/30 - l**4/12 + 5*l**3/6 + 3*l. Let a(w) be the second derivative of s(w). What is a(-2)?
2
Suppose 5*h + 10 = 0, -3*z - 4*h + 19 = -30. Let n = z + -20. Let v(o) = 12*o**3 - o - 1. Calculate v(n).
-12
Let w(c) = -c**3 + 4*c**2 + 6*c + 7. Suppose 5*z - 10 = 3*z. Calculate w(z).
12
Let h(n) be the third derivative of 0 + 0*n + n**2 + 5/6*n**3 - 1/24*n**4. Determine h(5).
0
Let n(d) = 3*d**3. Let b be n(1). Let w(c) = -c**3 + c**2 + 2*c**3 + b*c**2 - c - 5. Suppose 0 = 2*o - 4*o - 8. What is w(o)?
-1
Let s(p) be the third derivative of 0*p - 2*p**2 - 3/8*p**4 + 0 - 1/6*p**3. Give s(1).
-10
Let i = 30 - 25. Let s(j) be the third derivative of 0 + 0*j**i + 0*j + 1/3*j**3 - 1/120*j**6 + 1/8*j**4 + 3*j**2. What is s(-2)?
4
Let v(t) = -2*t + 0*t - t**3 + 1 + t - 2*t**2 + 3*t. Let x = 2 - 3. Let o(u) = 2*u. Let l be o(x). Calculate v(l).
-3
Let z(l) = l**2 + 5*l + 7. Let j = -50 - -44. Calculate z(j).
13
Let a(h) = h**2 + h + 4. Let p(i) = -i**2 + i. Let n(w) = a(w) + 2*p(w). Determine n(-3).
-14
Suppose 5*m - 2 = 8. Suppose -7*j = -4*j - 6. Let c(w) = -w**2 - 4*w + j*w + 1 + 4*w. Determine c(m).
1
Let i(n) = 6*n**2 - 9 - 6*n - n**3 - 8 + 33 - 10. Calculate i(5).
1
Let y(o) be the third derivative of o**6/120 - o**5/30 - 2*o**3/3 - 4*o**2. Calculate y(3).
5
Let u(z) = z - 6. Suppose -7 + 19 = 2*i. What is u(i)?
0
Let k(y) = y**3 - y - 1. Let a(b) = b + 9. Let p be a(-6). Suppose -3 = p*r, -2*u = -0*u + 4*r + 8. What is k(u)?
-7
Suppose 3*k = -4*w - 1 - 3, -20 = 5*k. Suppose 0*l - 4*l - w = -5*o, 3*o + 2 = 4*l. Let u(a) = -a + 2 + o*a + 0*a. What is u(3)?
5
Let n(l) = 9*l + 3. Suppose -30 + 9 = 3*d. Let b(r) = 14*r + 4. Let v(u) = d*n(u) + 5*b(u). Give v(2).
13
Let j(q) = q**3 - 5*q**2 + q + 4. Suppose -3*v + 28 = 4*h, 0 = -4*v - 0*v - h + 20. Determine j(v).
-8
Let h(k) = -k**2 + 4*k + 7. Let i = 43 - 38. Give h(i).
2
Let q(t) = 1 + 2*t - t + 3*t + t**3 + 4*t**2. Suppose 25 = 5*z - 10*z. Let f = z - -2. Give q(f).
-2
Let c = -5 + 6. Let o(l) = -6*l. What is o(c)?
-6
Let b be (-1)/(-1)*-2*3/6. Let a(h) = 3*h**2 - h - 1. Calculate a(b).
3
Let g(d) = -d**2 - 12*d + 5. Let u(x) = x**2 + 11*x - 4. Let c(h) = -4*g(h) - 5*u(h). Determine c(-5).
10
Suppose -2*s = -0*s + 4. Let x(h) = -1. Let j(c) = -c + 6. Let f(z) = -j(z) - 6*x(z). Give f(s).
-2
Let c(z) be the third derivative of z**6/120 - z**5/15 - z**4/12 - z**3/6 + 16*z**2. Determine c(4).
-9
Let t(l) be the second derivative of -6*l + 7/12*l**4 - 1/20*l**5 + 2*l**2 + 0 - l**3. Give t(6).
4
Let r(z) = -15*z**2 - 3. Let u(d) be the first derivative of -23*d**3/3 - 5*d - 3. Let t(x) = -8*r(x) + 5*u(x). Suppose -3*y + 2 = -1. Calculate t(y).
4
Let f(u) = u**3 - 2*u**2 - 4*u + 2. Suppose 0 = -3*h - 6. Let z be ((-5)/(-10))/(h/(-12)). Calculate f(z).
-1
Suppose 3*u - 2*u = 3*f - 3, -3*f = -2*u. Suppose -h - 2 = -4. Let c(p) = -p**h - p**3 + u*p**2 + 4*p + 2 + 2*p**2. Give c(5).
-3
Suppose 7*f = 3*f - 4. Let d(b) = 2*b - 4. Let q be d(3). Let h(j) = 2*j + 2*j**3 - q + 3*j**3 + 1 + 2. What is h(f)?
-6
Let y(s) be the third derivative of -1/8*s**4 + 0*s + 0 + 1/30*s**5 + 3*s**2 - 1/2*s**3. Suppose -4 = -3*f + 5. What is y(f)?
6
Let h(j) = -j**2 - 7*j - 4. Suppose -2*u = u - 27. Let d be 8/(-6)*u/2. What is h(d)?
2
Suppose 5*z - 4*c - 6 - 33 = 0, -2*c - 30 = -4*z. Suppose -5*n + 10 = -z*n. Let v(g) = 3 + 6*g - 3 + g**2 - 2. Calculate v(n).
-7
Let f(i) = -i**3 + 11*i**2 + 11*i + 16. Let m be f(12). Suppose -q - 4*q = -10. Let j(s) = -s - s - 3*s - 1 + m*s + 7*s**q. Calculate j(-1).
7
Let s be 66/7 + (-18)/42. Let o be s/(-18) - (-6)/(-4). Let n(p) = 4*p + 2. Give n(o).
-6
Let p(j) = 0*j + 0 - 1 + 0 - j. Determine p(0).
-1
Suppose 5*c + 4*b - 27 = 0, 4*b + 10 = 2*c + 6*b. Let o(u) = -u**3 + 6*u**2 + 6*u + 1. Give o(c).
-6
Let t be (6/12*1)/(1/(-12)). Let x(z) = z. What is x(t)?
-6
Let z(c) = -5*c**2 - 2*c + 1. Suppose -5*w - 42 = 3*m - 14, -2*m - w = 7. Let q be 4 + -1 - (1 - m). Give z(q).
-6
Let y(g) = 2*g**2 + 2*g + 2. Let z(x) = 5*x**2 + 4*x + 3. Let q(k) = -7*y(k) + 3*z(k). What is q(5)?
10
Let r(d) be the third derivative of d**4/24 + d**3 - 3*d**2 - 19*d. What is r(-8)?
-2
Let n(r) be the third derivative of -r**4/24 - r**3 - 13*r**2. Determine n(-7).
1
Let x(u) be the first derivative of -u**4/4 + u**3 + 3*u**2/2 - 2*u - 14. Calculate x(2).
8
Let c be (-1)/(-1) + (-2)/(-2). Suppose c*s - 1 + 5 = -4*r, -5*r - 10 = 5*s. Let v(a) = -2*a**2 + a. Determine v(s).
-10
Let g(q) be the second derivative of